uppose -y + 104 = y. Calculate the highest common factor of 39 and y.
13
Suppose -6*o + 100 = 28. Suppose 2*g = 3 + 3. Calculate the highest common divisor of g and o.
3
Suppose 77 = 559*s - 552*s. Calculate the greatest common factor of 286 and s.
11
Let r(j) = -j**2 - 22*j - 11. Let g be r(-16). Suppose -4*b - g = -225. Calculate the highest common divisor of 5 and b.
5
Suppose 4 + 5 = 3*d. Let q = 13 + d. What is the greatest common factor of q and 8?
8
Suppose 44325 = 34*f - 50535. What is the greatest common factor of f and 90?
90
Let l(h) = 54*h + 1. Let i be l(1). Suppose 387 = 4*q - 93. Suppose -q*y + 112*y = -88. Calculate the greatest common divisor of y and i.
11
Suppose -5*t + 24 = -2*p, -2*t + 3*p = -t + 3. Let r be -2*3/t - -61. Suppose 36 = 3*u - 0*u. What is the greatest common divisor of r and u?
12
Suppose -3*b + 106 = -2. Let h = -268 + 412. What is the greatest common factor of h and b?
36
Let h = 2 - -13. Let f = -602 - -637. What is the highest common factor of f and h?
5
Suppose -4*u = -4, y - u - 41 + 13 = 0. Let r be ((-30)/(-50))/((-2)/(-10)). Suppose r = h - 26. What is the greatest common divisor of y and h?
29
Let i = -34 + 39. Suppose -k + 2 = 3, -i*r - 3*k + 327 = 0. Calculate the highest common divisor of 11 and r.
11
Let v be -62*(-130)/20 + 5. What is the highest common divisor of 16 and v?
8
Let b be 56/6 - 9/(-216)*-8. What is the greatest common factor of b and 414?
9
Let q = -68 - -87. Let h = q - -18. Calculate the greatest common divisor of h and 37.
37
Let v be 74*(-2)/(-4) - -1. Let w(y) = -187*y - 3084. Let l be w(-17). What is the greatest common divisor of v and l?
19
Let x = 101 - 97. What is the highest common factor of 19 and x?
1
Let j = -1364 + 1372. Let v be (0 + 3)*(-40)/(-3). Calculate the greatest common divisor of j and v.
8
Let k be (19 + -8)/(-1) + 311. Calculate the greatest common factor of k and 2.
2
Let d(y) = -47*y - 140. Let l be d(-4). Calculate the greatest common divisor of l and 256.
16
Suppose 250 = 2*w + 3*m, 9*m - 250 = -2*w + 4*m. What is the highest common divisor of w and 75?
25
Let q = 12 + -9. Suppose 3*t = -q*l + 54, 47 = 2*l + 4*t + 15. Calculate the greatest common factor of l and 80.
20
Suppose 1032 + 888 = -5*c. Let z be 3/3*(-8 + c). Let l be (-3)/5 - z/70. Calculate the highest common divisor of l and 55.
5
Suppose -17*o = -22*o + 240. What is the greatest common divisor of 672 and o?
48
Let m be -36*(3 - (-11)/(-3)). Let d be 2488/m + (-4)/(-3). What is the highest common factor of 15 and d?
15
Let g(l) = 2*l - 6. Let u(c) = -1. Let i(x) = g(x) + 2*u(x). Let r be i(8). What is the greatest common divisor of 40 and r?
8
Let a be (-35)/7*3*(-2 + 0). Calculate the highest common divisor of 20 and a.
10
Let z(l) = 3*l - 19*l**2 + 17*l**2 + l**3 - 1 - 21*l. Let g be z(6). Calculate the highest common divisor of 7 and g.
7
Let l = 49 - 29. Suppose -l = -2*w + 16. What is the greatest common divisor of w and 126?
18
Suppose -3*m = -k - 423, 4*m = -0*k + k + 565. Suppose 0 = -5*i + m - 2. What is the highest common factor of 70 and i?
14
Suppose 5*y + 25 = 4*z + 110, 0 = 3*y + 5*z - 14. Suppose 108*i - 102*i - 858 = 0. Calculate the highest common factor of i and y.
13
Suppose -3*g - n + 296 = 0, -g + 9*g + 2*n - 792 = 0. What is the greatest common divisor of 1700 and g?
100
Let m be 5/(75/207) + (-6)/(-30). What is the highest common divisor of m and 469?
7
Let f = -480 - -537. Calculate the greatest common factor of f and 76.
19
Let w = 3 + 5. What is the greatest common factor of w and 10?
2
Suppose 16 = -h + 18. Suppose 0*u - 48 = -h*u. Let l(o) = -8*o - 8. Let f be l(-3). What is the greatest common factor of f and u?
8
Suppose 3*v - 6 + 0 = 0. Suppose -13 = -v*i + 71. Let o = 72 - 44. What is the highest common divisor of i and o?
14
Suppose -399*k + 396*k = -1584. Calculate the highest common divisor of 330 and k.
66
Suppose 3*x - 7*c - 1640 = -2*c, 1096 = 2*x - 4*c. What is the greatest common divisor of 20 and x?
20
Let k(x) = 13*x - 2. Let b be k(2). What is the greatest common divisor of 36 and b?
12
Suppose -12 + 41 = -j. Let f = -24 - j. Suppose -1 + 0 = -n, -3*g + f*n + 415 = 0. Calculate the greatest common divisor of g and 20.
20
Let z be -6*((-2)/4 + 0). Calculate the highest common divisor of 96 and z.
3
Let b = 686 + -224. Calculate the greatest common factor of b and 198.
66
Let v(m) = -m**3 + 16*m**2 - 8*m + 79. Let z be v(15). Let j = 1 - -22. Calculate the greatest common factor of z and j.
23
Let h(i) = i**2 - 2*i - 10. Let p(q) = -q - 5. Let b(m) = 3*h(m) - 5*p(m). Let z be b(-2). Calculate the greatest common factor of 90 and z.
9
Let m = -282 - -298. What is the highest common divisor of 424 and m?
8
Suppose 0 = -2*g - 5*y + 2*y + 60, 0 = 2*y + 8. Suppose -d - g = -4*d. Calculate the greatest common factor of 8 and d.
4
Let z be 16/(-252)*-9 - (-398)/14. Calculate the greatest common factor of 377 and z.
29
Let f(x) = -x**3 + 33 + 15 + 8*x**2 - 16*x**2 - 9*x**2 - 5*x. Let q be f(-17). What is the greatest common factor of q and 19?
19
Suppose -2*x = -11 - 23. Let k = -21 + 5. Let a be 14 + k - 87*-1. What is the greatest common divisor of x and a?
17
Let c(x) be the first derivative of -x**3/3 - x**2 - 11*x + 1. Let m be c(0). Let y = -9 - m. Calculate the greatest common divisor of y and 22.
2
Suppose -29*r + 40*r = 2332. What is the greatest common divisor of r and 53?
53
Suppose 28 = -0*q + 7*q. Suppose 5*d - 25 = -0*d - z, 0 = -q*d + 5*z + 20. What is the highest common factor of d and 45?
5
Let n be 405/(-18)*(-12)/10. Suppose 0 = 2*r - 4*r - 18. Let i be n*(3 - (-15)/r). Calculate the greatest common factor of 4 and i.
4
Let a = -1116 - -1564. What is the highest common divisor of 28 and a?
28
Let u(k) = -k + 7. Let z = -3 + 8. Let v be u(z). Suppose v*p = -p + 15. What is the greatest common divisor of 25 and p?
5
Let u be (-18)/(-54) - (-5)/3. Let k(h) = 7*h + 208. Let l be k(-26). What is the greatest common factor of l and u?
2
Suppose -361 = 8*g + 983. Let c be (-440)/6*g/35. What is the highest common factor of 32 and c?
32
Let k be ((-1386)/210)/(-3 - (-179)/60). What is the highest common factor of k and 132?
132
Let j(z) = -z + 7. Let m be j(7). Suppose -3*o + 203 - 65 = m. What is the highest common factor of 115 and o?
23
Let y be -3*(-4)/(-48)*3*1444. Let u = -705 - y. What is the highest common factor of 42 and u?
42
Let t = -1106 - -1111. Let o(z) = -z + 40. Let q(a) = a + 2. Let p be q(-2). Let m be o(p). Calculate the greatest common factor of m and t.
5
Suppose 2*j + 24 = 3*r, 16 = 4*r - 2*j - 18. Suppose -m + 3*m = 16. Calculate the greatest common factor of m and r.
2
Let q(z) = 6*z + 5 + 1 + 15*z. Let v = 28 + -22. Let r be q(v). Calculate the highest common divisor of 12 and r.
12
Let w(p) = p**3 + 16*p**2 + 37*p + 21. Let s be w(-13). Let k = -49 + 27. Let z = k + s. What is the highest common factor of 5 and z?
5
Let u(o) = o + 4. Let z(l) = l + 3. Let a(r) = 3*u(r) - 4*z(r). Let b be a(-10). What is the greatest common factor of b and 10?
10
Let g = 10 - -6. Suppose 5*n - 6*n + 20 = o, o = -5*n + 84. What is the greatest common factor of g and n?
16
Let b(p) = p**2 - 11. Let t be b(5). Suppose 3*a - 18 = -i - 3*i, 4*a - t = -2*i. Calculate the greatest common divisor of 3 and a.
1
Let m = -43 + 123. Suppose -l + m = l. Suppose 6 - 86 = -2*y. Calculate the greatest common divisor of y and l.
40
Let k(v) = -2*v**3 + 5*v**2 - 18*v - 69. Let z be k(-5). Calculate the highest common factor of 33 and z.
33
Let y be (5/10)/((-1)/(-254)). Let i = 10 + -52. Let h = y + i. Calculate the highest common factor of 34 and h.
17
Let a(l) = l**2 + 2*l + 12. Let i(z) = -z**2 - 5*z + 14. Let u be i(-7). Let t be a(u). Calculate the highest common divisor of t and 12.
12
Let a be (3 + (-81)/15)*-5. Suppose -3*m + x + 0 = -a, m = -x. Calculate the highest common divisor of m and 24.
3
Let g(o) = o**2 - 42*o + 196. Let b be g(37). Suppose 2*q + 11 = 3*q. What is the greatest common factor of b and q?
11
Let u = -525 + 531. What is the greatest common factor of 66 and u?
6
Let v = -647 - -715. What is the greatest common divisor of v and 187?
17
Suppose -5*v - 3*w = -22 - 26, 36 = 2*v - 3*w. Suppose 91 = r + v*r. Calculate the gr